 92*j. Determine p(5).
10
Let h(p) = p**2 - 9*p + 9. Suppose 2 = -u - 5*x, -x - 5 = 2*u - 19. Calculate h(u).
1
Let y(d) = -27*d**2 - 11*d + 15. Let z(o) = 34*o**2 + 11*o - 14. Let b(x) = 5*y(x) + 4*z(x). Give b(9).
1
Let y(h) = -h**2 + 10*h + 52*h**3 - 6*h + 4*h**2 - 53*h**3. Suppose -2*k = -v + k + 29, 2*v = 4*k + 50. Suppose 5*c - 3 = v. Give y(c).
0
Let l(c) = c**3 - 9*c**2 - 11*c + 7. Suppose 4*u - 5*u = 3*o - 19, 2*u - 3*o - 11 = 0. Calculate l(u).
-3
Let r be -1 + 8/(-4) + -1. Let u(b) = -3*b**2 - 13*b - 7. Let x(o) = -8*o**2 - 38*o - 20. Let t(g) = r*x(g) + 11*u(g). Calculate t(9).
3
Suppose -21*i - 125 = 4*i. Let a(z) = z**3 + 6*z**2 + 7*z + 2. Let m(x) = x - 1. Let f(j) = -a(j) + 2*m(j). What is f(i)?
-4
Suppose -z + 13 = 3*p, -z + 2 - 19 = -3*p. Let u(c) be the first derivative of 9*c**2/2 - 353. Calculate u(z).
-18
Let t be (3 + -3)/(0 + 1). Let r be (-1)/4 - 9/(-36). Let g(h) = h + r + 0*h - 1. Calculate g(t).
-1
Let l(b) = -84*b + 2 + 82*b + 1 + 4. Give l(5).
-3
Let v(q) = q**3 + 11*q**2 + q + 16. Let x be v(-11). Let w be x - 4 - 1*-7. Let g = w + -7. Let d(c) = -5*c**2. What is d(g)?
-5
Let v(n) = -3 - 10*n**2 + 4 + 12*n**2 + 3. What is v(-3)?
22
Let l(f) be the second derivative of 3*f**5/5 - f**3/6 + 190*f. Let j be (-6)/4 + (-1)/(-2). Calculate l(j).
-11
Let u(t) = 25*t + 95. Let r be u(-4). Let w(v) = -7*v + 5. Determine w(r).
40
Let r = -29 + 31. Let l(h) = -4 + 12*h**2 - 11 - 3*h**r - 11*h + h**3. What is l(-10)?
-5
Let x(c) = -4*c**2. Suppose -2*f = -12*f - 10. Determine x(f).
-4
Let x(t) be the third derivative of t**5/60 - t**4/3 - 7*t**3/6 - 2*t**2 - 55. Determine x(6).
-19
Let a(s) = s**3 + 11*s**2 + 14*s + 12. Suppose -5*g = t + t + 60, 2*g + 4*t + 40 = 0. What is a(g)?
-28
Let i be -120 - -120 - (-1 + 6). Let z(l) = -10*l - 46. Determine z(i).
4
Let h(c) = 299 - 889 + 302 + c**2 + 295 + 2*c. What is h(-4)?
15
Suppose -3*y - 4*w + 5 = 37, -w = -y + 1. Let n(a) be the second derivative of a**5/20 + a**4/3 - a**3/6 + 6*a. Calculate n(y).
4
Suppose -4*p + 11 = 3. Let g(n) = 0 - n**3 - 1 + 1039*n**2 - 1037*n**p. Let b = -5 - -7. Determine g(b).
-1
Let k(q) = 2*q**3 - 3*q - 5 - 4*q**2 - q**3 + 0*q. Let i(w) = -2*w**3 - 3*w**2 - 3. Let j be i(-3). Suppose -2*o = y + 2*y - 7, 0 = -4*o + 4*y + j. Give k(o).
5
Let f(r) = r**2 - 9*r + 8. Suppose 10 + 1 = 4*t + y, 0 = -4*y + 12. Suppose -t*l - l = -9. Suppose l*h = h + 14. What is f(h)?
-6
Let y(g) be the third derivative of -4/3*g**3 + 1/24*g**4 + 0 + 0*g - 7*g**2. Let p = 4 + -4. What is y(p)?
-8
Let m(w) be the third derivative of w**5/60 + w**4/6 - w**3 + 3863*w**2. Suppose 3*y - 2 = g - 23, 0 = 3*y - 3*g + 27. Determine m(y).
6
Let f(k) = 5*k - 5*k - k + 12 - 4. What is f(8)?
0
Let r(f) = f**3 + 9*f**2 + 13. Suppose -w + 2 = -3, 3*w = -j + 6. What is r(j)?
13
Let j(a) be the first derivative of 3*a**2/2 + 2*a + 127. Suppose -10 = -4*u - u. What is j(u)?
8
Let c(m) be the third derivative of -1/2*m**3 - 1/15*m**5 + 0 - 9*m**2 - 1/12*m**4 - 1/120*m**6 + 0*m. Give c(-4).
5
Let s(q) = -2*q + 2*q - 4 + q. Suppose 11 - 2 = o. Suppose -3*u - 3 - o = 0. Calculate s(u).
-8
Let r(p) = -8*p - 153 + 149 - p + 7*p. What is r(-3)?
2
Let t(s) = s**3 - s**2 - s + 2. Let y(j) = -10*j - 18. Let m be y(-2). Calculate t(m).
4
Let j(v) be the first derivative of -v**2/2 - 4*v - 233. Let h(o) = -o**3 + 4*o**2 + 4*o - 3. Let l be h(5). Let a be 1/(2/l + 0). Calculate j(a).
0
Let s(g) be the first derivative of -3*g + 1/2*g**2 - 18. Let c(r) = -r**2 - 5*r - 3. Let k be c(-3). What is s(k)?
0
Let d(q) be the first derivative of 3 - 2*q**2 + 1/6*q**3 - 6*q. Let k(y) be the first derivative of d(y). What is k(3)?
-1
Suppose 3*c + 3*v + 6 = 0, 0 = -3*c + v - 9 + 3. Let p = 3 + c. Let f be ((-12)/(-36))/(p/3). Let g(q) = -3*q. What is g(f)?
-3
Let f(g) be the first derivative of g**4/4 - 5*g**3/3 - 5*g**2/2 - 8*g - 6. Let i(m) = -104*m + 214. Let s be i(2). Give f(s).
-2
Let c(x) = 15*x. Let k(d) = 8*d. Let u(p) = -3*c(p) + 5*k(p). Let o(i) = -i**3 - 9*i**2 + i + 8. Let q be o(-9). Calculate u(q).
5
Let l(p) = -p**2 + 5*p + 16. Let i be l(-7). Let r = i - -62. Let x(h) = -h**2 - 7*h + 2. Determine x(r).
8
Let v(j) = 36*j - 15. Let r(z) = z - 1. Let o(k) = -18*r(k) + v(k). Determine o(-2).
-33
Suppose -22 = -3*f + 14. Let t = f + -12. Suppose -l = -t*l. Let y(s) = s**3 + 8. Calculate y(l).
8
Let j(w) be the third derivative of w**4/12 - w**3/2 + 308*w**2. Give j(8).
13
Let c be 5*1*1*-1. Let f(b) = -3 + 1 - 3251*b + 3250*b + 9. What is f(c)?
12
Let k(s) = 8*s + 2*s**3 + 5*s**2 - 8*s**2 - 3*s - s**3 - 5 - 6*s. Let p = 32 - 18. Suppose 5*h + 3 = 2*r, 0*h - 2*h - p = -4*r. Determine k(r).
7
Let i(x) be the third derivative of x**4/24 - 4*x**3/3 - 97*x**2 + 1. Determine i(7).
-1
Suppose 3*f - 2 = 5*a, -2*a + 28 = 5*f + 4. Let u(v) = -25*v**3 - 18*v**3 + 0*v**2 - 2 - 2*v + 44*v**3 + v**a. Give u(-2).
-2
Let g(p) = 12*p + 78. Let i(n) be the second derivative of -n**3/6 - 3*n**2 - 13*n. Let z(q) = -2*g(q) - 27*i(q). Determine z(-4).
-6
Suppose -3*a + 2*a = -5. Let r = -7 + a. Let w be (-2 + 2)/((-6)/r). Let h(s) = -s**3 + s**2 + 5. Give h(w).
5
Let z be 2*8 - (-3)/(-3). Suppose 22 = 2*d + 5*c, 0*d - d + 4*c - z = 0. Let o(r) = -5 + d - 3*r + 1 + 2*r. Give o(-6).
3
Let p(q) = 3*q - 2. Let z(n) = -2*n**3 - 2*n**2 + 5*n + 7. Let s be z(-3). Let h be (-6)/4*s/21*1. Calculate p(h).
-8
Let x = 3 - 5. Let i(c) = -c**2 - 3*c. Let a be i(x). Let w(p) = -2*p**2 + 2*p. Determine w(a).
-4
Let x(b) = b + 3. Let v(s) = -2*s - 8. Let q(o) = -3*v(o) - 7*x(o). Calculate q(8).
-5
Let h(z) be the first derivative of 8 + 1/3*z**3 - z**2 + 0*z. Give h(-2).
8
Let v(q) = 3*q**2. Let f(j) = -8*j**2 - 4*j + 7. Let h(c) = -c**2 - c + 1. Let o(p) = -f(p) + 6*h(p). Let w be o(2). Suppose 2 - w = -r. Determine v(r).
3
Let c(x) = 5*x**3 - 2*x**2 - 2*x - 1. Let k be c(-1). Let u be 18/k - (-9)/(-3). Let b(d) = 3*d + 8. Calculate b(u).
-10
Let d(z) = z**2 + 3*z - 8. Let p = -982 + 976. Give d(p).
10
Let j(f) = 12*f**3 + f**2 - f + 1. Let t be (2/(-5))/((-11)/110). Suppose -t*q + h - 2 = -7*q, 5*h + 5 = 0. Calculate j(q).
13
Let w(l) = 7*l**3 + 2*l**2 - 1. Let o(t) = 32*t**3 + 7*t**2 - 3. Let m(u) = 2*o(u) - 9*w(u). Calculate m(5).
28
Let l(r) = r**2 + 5*r + 2. Let y(n) = n**3 - 8 + 3 - 4*n - 5*n**2 - 2*n. Let m be y(6). What is l(m)?
2
Suppose 0 = 31*r - 39*r + 40. Let d(h) = -2*h**2 + h - 4. What is d(r)?
-49
Suppose -2*o = -4*d - 40, -2*o + 2*d + 60 = 3*o. Suppose 0 = -6*s + 2 + o. Let p(m) = -5*m**s + m**3 - 9*m + 3*m**2 + 2 - 3*m**2. Give p(6).
-16
Let b(g) = 5*g - 41. Let i be b(8). Let r(x) = 13*x**3 + x**2 + 3*x - 4*x**3 - x + 1. Calculate r(i).
-9
Let w(f) be the third derivative of f**6/120 + f**5/12 + 5*f**4/24 + f**3/2 - 2*f**2. Suppose -32*k + 33 - 161 = 0. Calculate w(k).
-1
Let r(b) be the third derivative of -23*b**2 + 1/60*b**6 - 1/20*b**5 + 2/3*b**3 + 0 - 1/12*b**4 + 0*b. Determine r(3).
25
Let i(r) be the third derivative of r**4/8 + r**3/6 + 2*r**2. Suppose -94*a = -64*a + 150. Determine i(a).
-14
Let m(w) be the first derivative of 3*w**4/4 - w**3 + w**2 - w - 2. Suppose -3*n + 5*f = -11, 0 = 3*n - 4*n + 4*f + 6. Calculate m(n).
15
Suppose 0 = 66*r + 256 + 8. Let f(x) = -1 + 2 + 2*x**2 + 5*x + 0*x**2. Give f(r).
13
Let k(o) = -o**2 + 16*o - 14. Let l be k(15). Let q(m) = 1 + l - 5*m + 2*m + 2*m. Give q(8).
-6
Let q(y) = 4*y - 3*y + 3 + 0*y + 0*y. Suppose -9 = 4*m + 15. Determine q(m).
-3
Let v(t) = t**3 + t. Let l(h) = -2*h - 5. Let k be l(6). Let i = k + 34. Suppose 3*x - i = 4*f, 2*f - 3 = -2*x - 1. Give v(f).
-10
Let l(q) be the third derivative of q**6/120 + 2*q**5/15 + q**4/4 - 2*q**3/3 + 15*q**2. Suppose -2*m = -4*m - 14. What is l(m)?
3
Let u(b) = 77*b**2 + 14*b. Let a(n) = -2*n**2 - n. Let h(f) = 14*a(f) + u(f). What is h(-1)?
49
Let a(y) = 4*y - 24. Let m(b) = 1. Let h be (-6)/2 + (2 - 1). Let j be (-25)/30 - h/(-12). Let n(w) = j*a(w) - 20*m(w). Determine n(3).
-8
Let i be 759/(-46)*(-4)/(-6). Let c = 15 + i. Let a(n) = -23*n - 3. Let u(x) = -8*x - 1. Let s(v) = -6*a(v) + 17*u(v). Calculate s(c).
9
Let y(d) = -8*d**2 - d. Let w(u) = u**2 - u - 1. Let l be w(-1). Suppose 4*a = 9 - l. Suppose 3*s - 6 = 6, 0 = a*p - 2*s + 10. What is y(p)?
-7
Let y(d) = d**2 - 2*d - 1. Let f be y(3). Let h be ((-5)/f - 1)*2